{"id":97,"date":"2021-04-20T05:38:26","date_gmt":"2021-04-20T05:38:26","guid":{"rendered":"http:\/\/alimentacionunani.com\/index.php\/home\/"},"modified":"2021-07-14T15:32:12","modified_gmt":"2021-07-14T15:32:12","slug":"home","status":"publish","type":"page","link":"https:\/\/alimentacionunani.com\/","title":{"rendered":"Home"},"content":{"rendered":"\n\n\nLas recetas m\u00e1s\n\n\n\n\n\n\n\n\n\n\n\n\n<h2>\u00a1Las mejores recetas est\u00e1n aqu\u00ed!<\/h2>\n<p style=\"text-align: center; \"><span style=\"color: rgb(0, 0, 0);\"><span style=\"font-size: 20px;\">Platillos deliciosos 100% unani.&nbsp;<\/span><\/span><\/p>\n\n\nRectas completamente diferentes y diversas\nNuevas ideas a la hora de cocinar\nAhorra tiempo y enriquece tu plan de alimentaci\u00f3n\nDeliciosos platillos en cuestion de minutos\nNutritivas, deliciosas y f\u00e1ciles de preparar!\n\n\n<p style=\"text-align: center; \"><span style=\"color: rgb(0, 0, 0); font-size: 20px;\">\u00a1No te rompas la cabeza pensando que preparar para comer, anticipa tu plan de alimentaci\u00f3n con estas deliciosas recetas especiales!<\/span><\/p>\n\n\n\n\n\n\n\n<h2>Descubre m\u00e1s sobre la alimentaci\u00f3n Unani<\/h2>\n\n\n\n\n<span style=\"color: rgb(0, 0, 0);\"><\/span><p class=\"MsoNormal\"><span style=\"font-family: Calibri; font-size: 20px; color: rgb(0, 0, 0);\">La alimentaci\u00f3n unani es un sistema de alimentaci\u00f3n, que se basa en la dieta humana del cazador-recolector en combinaci\u00f3n con principios de la medicina greco-\u00e1rabe. Con esta forma de alimentaci\u00f3n lograr\u00e1s:<\/span><strong><span style=\"font-family: Calibri; font-size: 11pt;\"><o:p><\/o:p><\/span><\/strong><\/p><span style=\"color: rgb(0, 0, 0);\"><\/span>\n\nNutrir completamente tu cuerpo\nCurarte de enfermedades que considerabas cr\u00f3nicas o incurables (s\u00ed, es totalmente posible!)\nLlegar a tu peso ideal sin sacrificios y mantenerte en \u00e9l con facilidad\nTener mucha energ\u00eda y claridad mental\nMejorar tu estado de \u00e1nimo\nPrevenir la aparici\u00f3n de nuevas enfermedades\nAlimentarte de forma sencilla y deliciosa\nAhorrarte mucho tiempo y dinero! en tu alimentaci\u00f3n\n\n\n\n\n\n\n\n\n\n<h3 data-pf-type=\"Heading\" class=\"sc-iJSLoz eKiYVK pf-7545\" style=\"margin: 0px 0px 1px; font-family: Roboto; line-height: 1.5em; overflow-wrap: break-word; font-size: 1.2em; letter-spacing: 1px; text-align: center; padding-top: 0px;\"><span data-pf-type=\"Text\" class=\"sc-ZWpAl fKFbvj pf-649e\" style=\"font-weight: normal; color: rgb(242, 195, 20);\">El 80% de las enfermedades y s\u00edntomas que padecemos actualmente son originadas por lo que comemos y por lo que bebemos.<\/span><\/h3>\n<p><span style=\"color: rgb(242, 195, 20);\">&#8220;Recupera tu bienestar a trav\u00e9s de la medicina greco\u00e1rabe \u2013 unani y otras medicinas complementarias.&#8221;<\/span><\/p>\n<p style=\"font-size: 19px;\"><span style=\"color: rgb(242, 195, 20);\">&#8220;La verdadera medicina es la prevenci\u00f3n y el verdadero m\u00e9dico es tu cuerpo.&#8221;<\/span><\/p>\n\n\n\n\n\n<h2>\u00a1Descarga YA las 10 mejores recetas unani!<\/h2>\n\n\n\n\n\n\n\n\n\n\n\n","protected":false},"excerpt":{"rendered":"","protected":false},"author":1,"featured_media":0,"parent":0,"menu_order":0,"comment_status":"closed","ping_status":"closed","template":"","meta":{"footnotes":""},"class_list":["post-97","page","type-page","status-publish","hentry"],"_links":{"self":[{"href":"https:\/\/alimentacionunani.com\/index.php\/wp-json\/wp\/v2\/pages\/97","targetHints":{"allow":["GET"]}}],"collection":[{"href":"https:\/\/alimentacionunani.com\/index.php\/wp-json\/wp\/v2\/pages"}],"about":[{"href":"https:\/\/alimentacionunani.com\/index.php\/wp-json\/wp\/v2\/types\/page"}],"author":[{"embeddable":true,"href":"https:\/\/alimentacionunani.com\/index.php\/wp-json\/wp\/v2\/users\/1"}],"replies":[{"embeddable":true,"href":"https:\/\/alimentacionunani.com\/index.php\/wp-json\/wp\/v2\/comments?post=97"}],"version-history":[{"count":247,"href":"https:\/\/alimentacionunani.com\/index.php\/wp-json\/wp\/v2\/pages\/97\/revisions"}],"predecessor-version":[{"id":3392,"href":"https:\/\/alimentacionunani.com\/index.php\/wp-json\/wp\/v2\/pages\/97\/revisions\/3392"}],"wp:attachment":[{"href":"https:\/\/alimentacionunani.com\/index.php\/wp-json\/wp\/v2\/media?parent=97"}],"curies":[{"name":"wp","href":"https:\/\/api.w.org\/{rel}","templated":true}]}}