{"id":2739,"date":"2021-04-30T01:38:52","date_gmt":"2021-04-30T01:38:52","guid":{"rendered":"https:\/\/alimentacionunani.com\/?page_id=2739"},"modified":"2021-06-03T02:03:45","modified_gmt":"2021-06-03T02:03:45","slug":"libro-no-a-la-leche","status":"publish","type":"page","link":"https:\/\/alimentacionunani.com\/index.php\/libro-no-a-la-leche\/","title":{"rendered":"No a la leche"},"content":{"rendered":"\n\n<h2>No a la leche<\/h2>\n\n\n\n\n\n\n\n<p align=\"justify\"><span style=\"color: rgb(0, 0, 0);\"><span>Se han preguntado alguna vez: \u00bfPor qu\u00e9 los humanos tomamos leche? \u00bfEs la leche saludable, o no? \u00bfQu\u00e9 alternativas existen a la leche? <\/span><span><o:p><\/o:p><\/span><\/span><\/p><span style=\"color: rgb(0, 0, 0);\"><br><\/span><p align=\"justify\"><span style=\"color: rgb(0, 0, 0);\"><span>La autora de este libro, nos da respuesta a estas y otras preguntas relacionadas al consumo de leche. Nos llevar\u00e1 por un recorrido a trav\u00e9s de la historia del consumo humano de los l\u00e1cteos. Nos dar\u00e1 <\/span><strong><span>recomendaciones y recetas<\/span><\/strong><span>&nbsp;f\u00e1ciles para gozar de <\/span><strong><span>una vida libre de l\u00e1cteos<\/span><\/strong><span>. <\/span><span><o:p><\/o:p><\/span><\/span><\/p><span style=\"color: rgb(0, 0, 0);\"><br><\/span><p align=\"justify\"><span style=\"color: rgb(0, 0, 0);\"><span>Con un lenguaje claro y una forma sencilla de presentarnos la informaci\u00f3n, este libro nos abrir\u00e1 los ojos a una nueva faceta de una vida saludable.<\/span><span><o:p><\/o:p><\/span><\/span><\/p><span style=\"color: rgb(0, 0, 0);\"><br><\/span><p align=\"justify\"><span style=\"color: rgb(0, 0, 0);\"><span>No a la leche<\/span><span><o:p><\/o:p><\/span><\/span><\/p><p align=\"justify\"><span style=\"color: rgb(0, 0, 0);\"><span>Autor: Tatiana Barrera<\/span><span><o:p><\/o:p><\/span><\/span><\/p><p align=\"justify\"><span style=\"color: rgb(0, 0, 0);\">A\u00f1o: 2013<\/span><span><o:p><\/o:p><\/span><\/p>\n\n\n\n","protected":false},"excerpt":{"rendered":"","protected":false},"author":1,"featured_media":0,"parent":0,"menu_order":0,"comment_status":"closed","ping_status":"closed","template":"","meta":{"footnotes":""},"class_list":["post-2739","page","type-page","status-publish","hentry"],"_links":{"self":[{"href":"https:\/\/alimentacionunani.com\/index.php\/wp-json\/wp\/v2\/pages\/2739","targetHints":{"allow":["GET"]}}],"collection":[{"href":"https:\/\/alimentacionunani.com\/index.php\/wp-json\/wp\/v2\/pages"}],"about":[{"href":"https:\/\/alimentacionunani.com\/index.php\/wp-json\/wp\/v2\/types\/page"}],"author":[{"embeddable":true,"href":"https:\/\/alimentacionunani.com\/index.php\/wp-json\/wp\/v2\/users\/1"}],"replies":[{"embeddable":true,"href":"https:\/\/alimentacionunani.com\/index.php\/wp-json\/wp\/v2\/comments?post=2739"}],"version-history":[{"count":5,"href":"https:\/\/alimentacionunani.com\/index.php\/wp-json\/wp\/v2\/pages\/2739\/revisions"}],"predecessor-version":[{"id":3008,"href":"https:\/\/alimentacionunani.com\/index.php\/wp-json\/wp\/v2\/pages\/2739\/revisions\/3008"}],"wp:attachment":[{"href":"https:\/\/alimentacionunani.com\/index.php\/wp-json\/wp\/v2\/media?parent=2739"}],"curies":[{"name":"wp","href":"https:\/\/api.w.org\/{rel}","templated":true}]}}