{"id":2547,"date":"2021-04-21T21:41:16","date_gmt":"2021-04-21T21:41:16","guid":{"rendered":"https:\/\/alimentacionunani.com\/?page_id=2547"},"modified":"2021-05-09T23:48:00","modified_gmt":"2021-05-09T23:48:00","slug":"sales-de-schussler-medicor","status":"publish","type":"page","link":"https:\/\/alimentacionunani.com\/index.php\/sales-de-schussler-medicor\/","title":{"rendered":"Sales de Sch\u00fcssler"},"content":{"rendered":"\n\n<h2>Sales de Sch\u00fcssler\n\n\n<\/h2>\n\n\n\n\n\n<p style=\"text-align: left;\"><span style=\"font-family: Poppins, sans-serif; font-size: 16px; text-align: center; color: rgb(0, 0, 0);\">Sales sch\u00fcsslerianas 6x marca Medicor\n<\/span><\/p>\n\n\n<p><span style=\"font-size: 19px; color: rgb(0, 0, 0);\">Esta es otra marca disponible de sales de sch\u00fcssler. Tambi\u00e9n contiene las 12 sales en cada tableta o comprimido, asegur\u00e1ndonos de tener el aporte de cada una de estas sales minerales.&nbsp;<\/span><\/p><p><span style=\"font-size: 19px; color: rgb(0, 0, 0);\"><br><\/span><\/p><p><span style=\"font-size: 19px; color: rgb(0, 0, 0);\">Esto es un complemento a nuestra alimentaci\u00f3n y a nuestra nutrici\u00f3n, pues obtenemos nuestros minerales y oligoelementos principalmente de la sal, el bicarbonato y de los alimentos. Pero un aporte extra, siempre nos beneficia.&nbsp;<\/span><\/p><p><span style=\"font-size: 19px; color: rgb(0, 0, 0);\"><br><\/span><\/p><p><span style=\"font-size: 19px; color: rgb(0, 0, 0);\">Las sales de sch\u00fcssler nos ayudan a tratar diversos s\u00edntomas y afecciones y tambi\u00e9n funcionan como preventivas, al aportarnos sales minerales para el correcto funcionamiento y mantenimiento de nuestro organismo.\n<\/span><\/p>\n\n\n","protected":false},"excerpt":{"rendered":"","protected":false},"author":1,"featured_media":0,"parent":0,"menu_order":0,"comment_status":"closed","ping_status":"closed","template":"","meta":{"footnotes":""},"class_list":["post-2547","page","type-page","status-publish","hentry"],"_links":{"self":[{"href":"https:\/\/alimentacionunani.com\/index.php\/wp-json\/wp\/v2\/pages\/2547","targetHints":{"allow":["GET"]}}],"collection":[{"href":"https:\/\/alimentacionunani.com\/index.php\/wp-json\/wp\/v2\/pages"}],"about":[{"href":"https:\/\/alimentacionunani.com\/index.php\/wp-json\/wp\/v2\/types\/page"}],"author":[{"embeddable":true,"href":"https:\/\/alimentacionunani.com\/index.php\/wp-json\/wp\/v2\/users\/1"}],"replies":[{"embeddable":true,"href":"https:\/\/alimentacionunani.com\/index.php\/wp-json\/wp\/v2\/comments?post=2547"}],"version-history":[{"count":3,"href":"https:\/\/alimentacionunani.com\/index.php\/wp-json\/wp\/v2\/pages\/2547\/revisions"}],"predecessor-version":[{"id":2842,"href":"https:\/\/alimentacionunani.com\/index.php\/wp-json\/wp\/v2\/pages\/2547\/revisions\/2842"}],"wp:attachment":[{"href":"https:\/\/alimentacionunani.com\/index.php\/wp-json\/wp\/v2\/media?parent=2547"}],"curies":[{"name":"wp","href":"https:\/\/api.w.org\/{rel}","templated":true}]}}