{"id":2531,"date":"2021-04-21T21:35:06","date_gmt":"2021-04-21T21:35:06","guid":{"rendered":"https:\/\/alimentacionunani.com\/?page_id=2531"},"modified":"2021-05-14T23:23:01","modified_gmt":"2021-05-14T23:23:01","slug":"harina-de-maiz-nixtamalizado","status":"publish","type":"page","link":"https:\/\/alimentacionunani.com\/index.php\/harina-de-maiz-nixtamalizado\/","title":{"rendered":"Harina de Ma\u00edz Nixtamalizado"},"content":{"rendered":"\n\n<h2>Harina de Ma\u00edz Nixtamalizado\n\n\n<\/h2>\n\n\n\n\n\n<p style=\"text-align: left;\"><span style=\"font-family: Poppins, sans-serif; font-size: 16px; text-align: center; color: rgb(0, 0, 0);\">Harina de ma\u00edz nixtamalizado marca Naturelo 1 kg \n\n\n<\/span><\/p>\n\n\n<p><span style=\"font-size: 19px; color: rgb(0, 0, 0);\">La tortilla de ma\u00edz nixtamalizado, uno de los carbohidratos permitidos dentro de la alimentaci\u00f3n unani junto con la miel de abeja. El ma\u00edz nixtamalizado adem\u00e1s de aportarnos energ\u00eda y un complemento a nuestra alimentaci\u00f3n por ser un carbohidrato, al ser nixtamalizado nos brinda un excelente aporte de calcio y hace que este carbohidrato sea m\u00e1s f\u00e1cilmente digerible por nuestro sistema digestivo.&nbsp;<\/span><\/p><p><span style=\"font-size: 19px; color: rgb(0, 0, 0);\"><br><\/span><\/p><p><span style=\"font-size: 19px; color: rgb(0, 0, 0);\">No cualquier tortilla es tortilla 100% de ma\u00edz nixtamalizado. Esta harina Naturelo nos da esa certeza.  Es ma\u00edz 100%. Totalmente nixtamalizado. Esta libre de transg\u00e9nicos,  nos aporta fibra, calcio y adem\u00e1s un gran sabor, con lo cu\u00e1l tus tortillas ser\u00e1n nutritivas y deliciosas a la vez. \n<\/span><\/p>\n\n\n\n","protected":false},"excerpt":{"rendered":"","protected":false},"author":1,"featured_media":0,"parent":0,"menu_order":0,"comment_status":"closed","ping_status":"closed","template":"","meta":{"footnotes":""},"class_list":["post-2531","page","type-page","status-publish","hentry"],"_links":{"self":[{"href":"https:\/\/alimentacionunani.com\/index.php\/wp-json\/wp\/v2\/pages\/2531","targetHints":{"allow":["GET"]}}],"collection":[{"href":"https:\/\/alimentacionunani.com\/index.php\/wp-json\/wp\/v2\/pages"}],"about":[{"href":"https:\/\/alimentacionunani.com\/index.php\/wp-json\/wp\/v2\/types\/page"}],"author":[{"embeddable":true,"href":"https:\/\/alimentacionunani.com\/index.php\/wp-json\/wp\/v2\/users\/1"}],"replies":[{"embeddable":true,"href":"https:\/\/alimentacionunani.com\/index.php\/wp-json\/wp\/v2\/comments?post=2531"}],"version-history":[{"count":4,"href":"https:\/\/alimentacionunani.com\/index.php\/wp-json\/wp\/v2\/pages\/2531\/revisions"}],"predecessor-version":[{"id":2914,"href":"https:\/\/alimentacionunani.com\/index.php\/wp-json\/wp\/v2\/pages\/2531\/revisions\/2914"}],"wp:attachment":[{"href":"https:\/\/alimentacionunani.com\/index.php\/wp-json\/wp\/v2\/media?parent=2531"}],"curies":[{"name":"wp","href":"https:\/\/api.w.org\/{rel}","templated":true}]}}