{"id":2424,"date":"2021-04-21T05:26:30","date_gmt":"2021-04-21T05:26:30","guid":{"rendered":"https:\/\/alimentacionunani.com\/?page_id=2408"},"modified":"2021-05-20T23:02:04","modified_gmt":"2021-05-20T23:02:04","slug":"vinagre-de-manzana-con-miel","status":"publish","type":"page","link":"https:\/\/alimentacionunani.com\/index.php\/vinagre-de-manzana-con-miel\/","title":{"rendered":"Vinagre de manzana con miel"},"content":{"rendered":"\n\n<h2>Vinagre de Manzana con Miel<\/h2>\n\n\n\n\n\n<p style=\"text-align: center;\"><span style=\"font-family: &quot;Source Sans Pro&quot;; font-size: 16px; background-color: transparent; color: rgb(0, 0, 0);\">Vinagre manzana y miel marca Bragg 946 ml<\/span><\/p>\n\n\n<span style=\"color: rgb(0, 0, 0);\"><\/span><p><span style=\"font-size: 19px; color: rgb(0, 0, 0);\">Este vinagre esta hecho igualmente sin filtrar y sin pasteurizar, la diferencia con el anterior es que est\u00e1 adicionado con miel org\u00e1nica natural. Es de gran calidad.&nbsp;<\/span><\/p><span style=\"font-size: 19px; color: rgb(0, 0, 0);\"><br><\/span><p><span style=\"font-size: 19px; color: rgb(0, 0, 0);\">Igualmente nos garantiza la cantidad y calidad de probi\u00f3ticos necesarios para nuestro intestino grueso. Mismos beneficios que el vinagre de manzana tradicional.<\/span><\/p><p><span style=\"font-size: 19px; color: rgb(0, 0, 0);\"><br><\/span><\/p><p><span style=\"font-size: 19px; color: rgb(0, 0, 0);\">Este es ideal consumirlo para que nos aporte energ\u00eda, como cuando hacemos ejercicio, para utilizarlo como aderezo en ensaladas y varias recetas de cocina. No hay que olvidar tambi\u00e9n que el vinagre en la alimentaci\u00f3n unani funciona como una escoba intestinal, sacando todo aquello que nos hace da\u00f1o.<\/span><\/p><span style=\"color: rgb(0, 0, 0);\"> <\/span>\n\n\n\n","protected":false},"excerpt":{"rendered":"","protected":false},"author":1,"featured_media":0,"parent":0,"menu_order":0,"comment_status":"closed","ping_status":"closed","template":"","meta":{"footnotes":""},"class_list":["post-2424","page","type-page","status-publish","hentry"],"_links":{"self":[{"href":"https:\/\/alimentacionunani.com\/index.php\/wp-json\/wp\/v2\/pages\/2424","targetHints":{"allow":["GET"]}}],"collection":[{"href":"https:\/\/alimentacionunani.com\/index.php\/wp-json\/wp\/v2\/pages"}],"about":[{"href":"https:\/\/alimentacionunani.com\/index.php\/wp-json\/wp\/v2\/types\/page"}],"author":[{"embeddable":true,"href":"https:\/\/alimentacionunani.com\/index.php\/wp-json\/wp\/v2\/users\/1"}],"replies":[{"embeddable":true,"href":"https:\/\/alimentacionunani.com\/index.php\/wp-json\/wp\/v2\/comments?post=2424"}],"version-history":[{"count":6,"href":"https:\/\/alimentacionunani.com\/index.php\/wp-json\/wp\/v2\/pages\/2424\/revisions"}],"predecessor-version":[{"id":2968,"href":"https:\/\/alimentacionunani.com\/index.php\/wp-json\/wp\/v2\/pages\/2424\/revisions\/2968"}],"wp:attachment":[{"href":"https:\/\/alimentacionunani.com\/index.php\/wp-json\/wp\/v2\/media?parent=2424"}],"curies":[{"name":"wp","href":"https:\/\/api.w.org\/{rel}","templated":true}]}}